 + o(f). Determine r(v).
4
Let l(t) = 3*t**2 + 21*t + 14. Let p(m) = -2*m**2 - 14*m - 9. Suppose 2*d = -5*d - 49. Let k(z) = d*p(z) - 5*l(z). Determine k(-6).
-1
Let a(o) = o - 3. Let p(v) = v**2 - 3*v - 4. Let i be p(5). Let g be a(i). Let y(l) = 2*l + 2. What is y(g)?
8
Let w(c) = 7*c + 10*c**2 - 4 + 0 + 7 - 9*c**2. What is w(-6)?
-3
Let n(v) = 1 + v + 0 + 2*v + v. Calculate n(-3).
-11
Let j(f) = 7*f**2 - 23*f - 7. Let v(p) = -4*p**2 + 12*p + 4. Let h(i) = 3*j(i) + 5*v(i). What is h(9)?
-1
Let h = -4 - -10. Let b(w) = -6*w**3 - 11*w**2 - 6*w - 6. Let c(j) = -5*j**3 - 10*j**2 - 6*j - 5. Let f(s) = h*b(s) - 7*c(s). Determine f(5).
4
Let k(p) = p**3 + 3*p**2 + p + 1. Suppose -20 = w - 5*w. Suppose f + w*g = 12, -2*g + 5*g = -2*f + 3. Calculate k(f).
-2
Suppose -5*a + a - 8 = 0. Let t(q) = -4*q**2 - 4*q - 3. What is t(a)?
-11
Let d(b) = -6*b**3 - 2*b**2 - 3*b - 9. Let a(s) = -7*s**3 - 3*s**2 - 4*s - 10. Let i(z) = 5*a(z) - 6*d(z). Give i(3).
-2
Let j(p) = -1. Let b(c) = 2*c + 14. Let x(s) = -b(s) - 12*j(s). Let l = 1 + -4. What is x(l)?
4
Suppose 5*i - 17 = 3. Suppose i*m = -2*v + 10, -m + 4 = v + 2. Let y(c) = 7*c**2 + 6*c - 2. Let f(d) = d**2 + d. Let u(j) = -6*f(j) + y(j). Give u(m).
7
Let s = -19 - -13. Let w(k) = -4*k - 6*k**2 + 3*k**2 + 2*k**2 - 5 - 4*k. What is w(s)?
7
Let w(l) = 1 + 9*l - l - 10*l. What is w(-2)?
5
Let r(j) = 2*j. Let o(n) = -5*n - 1. Let u be 1 - (3 + (-3 - 6)). Let s(b) = u*r(b) + 3*o(b). Determine s(-3).
0
Let d(u) = -u**3 + 5*u**2 + 4. Let k be d(5). Let g(y) = y - 5 + k - 2*y + 8. Calculate g(5).
2
Let y(l) be the third derivative of l**8/6720 + l**7/630 + l**6/720 + l**5/30 + 5*l**4/24 + 5*l**2. Let p(f) be the second derivative of y(f). Determine p(-3).
10
Let x(d) = d + 11. Let m(t) = -1. Let n(b) = 5*m(b) + x(b). Let r = -9 - -6. Let k = r - 2. Determine n(k).
1
Let q(a) = -a**2 + 4*a. Let s be (-6)/(-3)*10/5. Determine q(s).
0
Let h be (1 + -3)/(38/(-57)). Let x(j) be the second derivative of 1/12*j**4 + 0 - 7/2*j**2 - 2*j - 1/2*j**h. Calculate x(5).
3
Suppose 0 = 3*f - 4*f + 6. Suppose 0 = 2*d - 3*k - 0*k + 9, 4*d + 2*k = f. Let i(z) = z**2 + 9. Calculate i(d).
9
Suppose 5*q = -3 + 13. Let l(f) = 3*f**2 - f**2 - 7*f**q - 7*f - 2 - 2. Let s(t) = -3*t**2 - 4*t - 2. Let a(n) = -4*l(n) + 7*s(n). What is a(-2)?
-2
Let g(l) = -l**3 - 6*l**2 - 12. Let i(y) = 2*y**3 + 12*y**2 - y + 25. Let x(v) = 13*g(v) + 6*i(v). What is x(-5)?
-1
Let d(r) be the second derivative of r**5/20 - 11*r**4/12 + 3*r**3/2 + 7*r**2/2 - r - 2. What is d(10)?
-3
Let m(w) = -15*w**3 + 7*w**2 - w + 6. Let q(i) = -15*i**3 + 6*i**2 - i + 5. Let k(t) = -5*m(t) + 6*q(t). Determine k(1).
-15
Let o(m) = -m**2 + m - 3. Suppose -9 = 16*l - 19*l. Determine o(l).
-9
Let b(p) be the third derivative of -p**4/12 - p**3/3 - 7*p**2. Give b(3).
-8
Let a = -48 + 44. Let z(y) = y - 5. Calculate z(a).
-9
Let d(l) be the third derivative of 1/3*l**3 - 1/12*l**4 + 0 + 0*l + 1/60*l**5 - 2*l**2. What is d(2)?
2
Let k(z) = -4*z**3 + 2*z**2 + 4*z + 5. Let n(p) = -4*p**3 + 2*p**2 + 5*p + 6. Let l(w) = 6*k(w) - 5*n(w). Suppose -8 = -2*y + 3*h, 3*h - 7*h = 8. Give l(y).
-3
Let r(l) = 2*l**2 + 4*l - 1. Let h(z) = 3*z**2 + 4*z. Suppose 9 + 3 = 3*x. Let q(y) = x*r(y) - 3*h(y). Give q(3).
-1
Let q(y) = -y + 3. Let m be q(3). Let b = 2 - m. Let i(l) be the first derivative of l**3 - 3*l**2/2 + 3*l + 13. Determine i(b).
9
Let d be ((-18)/(-5))/((-6)/(-20)). Suppose 0 = k + 2*k - d. Let m(u) = 5*u**2 - 4*u**3 + 5*u**3 - 2*u**3 - 4*u + 6. What is m(k)?
6
Let y(w) = -2*w + 5*w - 3 - 2*w. Let r = -64 - -71. Calculate y(r).
4
Let v(y) = -y**2 + 9*y. Let t(c) be the first derivative of 2*c**3/3 - 19*c**2/2 - c - 5. Let j(i) = 6*t(i) + 13*v(i). Calculate j(4).
-10
Suppose 4*d + 84 = 60. Let r(b) = 4*b - 2. What is r(d)?
-26
Let k(c) = c**3 - 13*c**2 + 2. Let v be k(13). Let x(g) = -2*g**2 - 1 - 3 + 0 + 0*g**v - g**3. What is x(-3)?
5
Suppose 4*g + 23 = z, 3*g + 2*z + 3 = -2*z. Let p(j) be the second derivative of -j**3/6 - 11*j**2/2 + j. Give p(g).
-6
Let a(b) = 3*b + 17. Let f(t) = -3. Let p(o) = a(o) + 6*f(o). Determine p(3).
8
Let p(c) = 21*c - 3*c - 9*c - 8*c + 2. Suppose -2*s - 6 = 2. What is p(s)?
-2
Let n(a) = 1 - 3 + a + 1. Suppose 0 = -0*t - 3*t + 6, -5*t + 8 = -c. Suppose 0 = c*i - 3*i + 3. What is n(i)?
2
Let b(f) = f**2 + 2*f - 4 + 0*f**2 - 9 + 11. Determine b(-3).
1
Let f(c) = c**3 - 2*c - 1. Let o(b) = -b + 13. Let n(h) = h**3 - 8*h**2 + 2*h - 5. Let g be n(8). Let t be o(g). What is f(t)?
3
Let d = 24 - 7. Let m(g) = g + 5 - d + 14. What is m(-6)?
-4
Let p(c) = -c**2 + c - 9. Let b(d) = -d**3 + 3*d**2 + 28*d. Let j be b(7). Determine p(j).
-9
Let x(s) = 8*s**3 + s + 1. Let u = 8 + -6. Suppose u = -6*z + 4*z. Determine x(z).
-8
Let p(f) be the first derivative of -f**3/3 - 7*f + 1. Let a = 156 - 156. Give p(a).
-7
Let i(z) = z**3 + 8*z**2 - 5*z**3 + 28*z - 2*z**3 + 3*z**3. Let q(y) = 2*y**3 - 5*y**2 - 19*y. Let f(v) = 5*i(v) + 7*q(v). Determine f(6).
6
Let c(g) = g - 12 + 4 - 2*g. Let h be c(-4). Let s = h + 3. Let y(t) = -3*t + 1. Calculate y(s).
4
Suppose 4*x + 13 = -0*f + 5*f, -3*f = 5*x - 30. Suppose -x*l = -0 - 15. Let g(a) = -4 + 2*a + 3*a - 3*a + l. Calculate g(-1).
-1
Let m(o) be the second derivative of o**5/20 + o**4/12 + o**2/2 + 3*o. Calculate m(-2).
-3
Let b(i) = 3*i**3 - i**2 - i. Let l be (-2 - (-3)/1) + -5. Let t(q) = q**2 + 4*q - 1. Let m be t(l). Give b(m).
-3
Let r(v) = 2*v**3 - v**2. Suppose 4*n - 4 = -0*n. Suppose n = a - 0*a. Give r(a).
1
Let w(t) = 4*t**3 - t**2 - 4*t - 1. Let a(h) = 7*h**3 - 3*h**2 - 7*h - 3. Let o(d) = -3*a(d) + 5*w(d). Give o(4).
8
Let a be (-4)/(-2) + 0 + 2. Suppose -3*l = -w - 1, a*l + 0*w = -w + 6. Let t(k) = 2*k + 4. Let u(j) = -9*j - 15. Let i(v) = 15*t(v) + 4*u(v). Determine i(l).
-6
Suppose 2*b - 2 = 6. Suppose -3*o + 2 = -b. Let h(g) = -7 - g**o - 5*g + 7. Give h(-5).
0
Let t(l) = -2*l**2 - 8*l + 1. Let f(o) = o**2 + 4*o - 1. Let n(s) = -5*f(s) - 3*t(s). Give n(-2).
-2
Let l = 59 + -60. Let k(u) = 4*u - 1. Give k(l).
-5
Suppose 15 = 3*c - 4*u + u, -5*u = -3*c + 19. Let o(q) = q**3 - 4*q**2 + q + 1. Let z be o(c). Let v(x) = 6 + 0 + 4*x - 3*x. Calculate v(z).
1
Let q(k) be the second derivative of -k**4/12 + 4*k**3/3 + k. Suppose -2*r + 7*r + 4*a = 52, 2*a - 38 = -4*r. Give q(r).
0
Let h(w) = w**3 + 3*w**2 + 2*w. Let d = -15 - -12. Determine h(d).
-6
Let v(t) be the first derivative of -2*t**3 + 5*t**2 - 11*t + 8. Let x(a) = 7*a**2 - 11*a + 12. Let c(i) = 6*v(i) + 5*x(i). Give c(6).
-12
Let m be 0*(2/(-4))/1. Let s(r) be the third derivative of -3/2*r**3 + 1/24*r**4 + 3*r**2 + 0 + 0*r. What is s(m)?
-9
Let q(d) = d**2 + 9*d + 11. Suppose 4*y + 23 + 9 = 0. Give q(y).
3
Let q(j) = 13*j + 8*j - 22*j - 2. Let t = -6 - -4. Calculate q(t).
0
Let q be 12/(-2)*(-2)/(-4). Let v be -2 - (-16)/(-1 + q). Let x(z) = z**2 + 5*z - 5. Determine x(v).
1
Let d(k) = -2*k + 4. Let c(r) = -r**3 - 6*r**2 - 2*r + 7. Let n be c(-6). Suppose 0 = -2*s + 5*h - n - 6, -20 = 3*s - 4*h. Suppose 2*q = -s*q + 10. Give d(q).
-6
Let k(j) be the second derivative of j**4/12 + j**3/2 - 2*j**2 - 13*j. Determine k(-5).
6
Let r(s) = -2*s**2 - 1. Suppose 6*o - o - 2*d = 1, 14 = -2*o - 4*d. What is r(o)?
-3
Suppose 0 = -w - 3*w - 4, -5*w = -2*y + 3. Let k(v) = -9*v**3 + 2*v + 1. Give k(y).
8
Suppose 2*h + 5*r = -22 + 1, h = 4*r + 22. Let b(s) = 0*s**3 + 3*s**3 + 3*s**3 + s**h + 3*s**3. Determine b(1).
10
Let d(s) = 4*s - 7 + s**2 + 6 + 0. Let x be (4/(-2) + 0)*2. Give d(x).
-1
Let d = -1 + 3. Let m(l) be the first derivative of -l**4/2 + l**3/3 + 3*l**2/2 - 3*l - 134. Determine m(d).
-9
Let c be (-4 - (-5 + 2))*6. Let g(h) = 5*h**3 + 4*h**2 + 4*h + 8. Let l(j) = 14*j**3 + 12*j**2 + 12*j + 23. Let f(s) = c*l(s) + 17*g(s). Calculate f(5).
3
Let y(h) = h**3 - 6*h**2 - 7*h + 8. Suppose -7*r = 31 - 80. What is y(r)?
8
Suppose -5*d = -16 + 1. Let z be 1*21/d*1. Suppose -o - 2*g - z = -1, o + 6 = 3*g. Let s(t) = t**3 + 7*t**2 + 6*t - 1. Determine s(o).
-1
Let x(b) = 50*b**3 + b - 92*b**3 + 7*b**2 + 3 - 4*b**2 + 43*b**3. Let a be (3 - 2)/((-1)/(-3)). Let h = a - 6. Calculate x(h).
0
Let i = -140 - -146. Let x(j) = -2*j + 3. Give x(i).
-9
Let n(g) = -g**2 - 4*g + 4. Suppose 2*j - 4 = -2. Suppose -12 = 5*u - 2*o - 1, 2*o + 10 = -2*u. Let f be j + -7 + (-2 - u). Calcu